ite number?
False
Is 384817 a composite number?
False
Is 822737 a prime number?
False
Is 320363 prime?
False
Is 317327 composite?
False
Is 713809 prime?
False
Is 260909 composite?
True
Is 311915 a prime number?
False
Is 22529 composite?
True
Is 23531 prime?
True
Is 7481 prime?
True
Is 563399 composite?
True
Is 12443 composite?
True
Is 17317 a composite number?
False
Is 40459 prime?
True
Is 214129 composite?
False
Is 138617 prime?
True
Is 2824583 prime?
True
Is 7919 a composite number?
False
Is 417685 composite?
True
Is 44437 a prime number?
False
Is 179083 prime?
True
Is 48038 composite?
True
Is 449894 prime?
False
Is 3787 prime?
False
Is 323161 a prime number?
False
Is 33314 a prime number?
False
Is 23417 a composite number?
False
Is 29571 composite?
True
Is 49249 a composite number?
True
Is 600791 a prime number?
True
Is 794327 a composite number?
False
Is 8461 composite?
False
Is 61117 prime?
False
Is 16291 a prime number?
False
Is 72191 prime?
False
Is 128697 prime?
False
Is 19091 a composite number?
True
Is 7231 a prime number?
False
Is 1259 a prime number?
True
Is 117197 prime?
False
Is 64895 prime?
False
Is 26483 a composite number?
True
Is 112121 composite?
False
Is 405641 composite?
False
Is 1121147 composite?
False
Is 5638 a prime number?
False
Is 815261 composite?
False
Is 542005 a composite number?
True
Is 254593 a composite number?
False
Is 82349 a composite number?
False
Is 152246 a composite number?
True
Is 84899 a prime number?
False
Is 631 prime?
True
Is 31587 a prime number?
False
Is 154855 prime?
False
Is 177 composite?
True
Is 511391 a composite number?
False
Is 20323 composite?
False
Is 2579 a prime number?
True
Is 7229 a composite number?
False
Is 28023 a prime number?
False
Is 650909 a composite number?
True
Is 117097 a composite number?
True
Is 16817 prime?
False
Is 2521949 a prime number?
True
Is 160073 a prime number?
True
Is 24223 prime?
True
Is 35983 a prime number?
True
Is 26449 composite?
False
Is 6353 prime?
True
Is 10037 composite?
False
Is 17647 prime?
False
Is 140713 composite?
True
Is 4241 a composite number?
False
Is 173473 composite?
False
Is 608201 composite?
True
Is 161 a composite number?
True
Is 279883 prime?
True
Is 9869 a composite number?
True
Is 804313 composite?
False
Is 20419 prime?
False
Is 4327 composite?
False
Is 186377 prime?
True
Is 3427 a composite number?
True
Is 1546795 a prime number?
False
Is 920999 a prime number?
True
Is 18433 a composite number?
False
Is 1188257 a prime number?
False
Is 2558087 composite?
True
Is 1009 composite?
False
Is 59333 composite?
False
Is 25841 a composite number?
False
Is 1361 composite?
False
Is 25693 composite?
False
Is 216563 a composite number?
True
Is 8005 composite?
True
Is 108343 a composite number?
False
Is 2819 a prime number?
True
Is 306301 prime?
True
Is 44179 a composite number?
False
Is 1217 composite?
False
Is 66959 a prime number?
True
Is 4088521 composite?
False
Is 11923 prime?
True
Is 46381 composite?
False
Is 1257 a composite number?
True
Is 88129 a composite number?
False
Is 52742 prime?
False
Is 2983 a composite number?
True
Is 4701 composite?
True
Is 181967 a prime number?
True
Is 3647 a prime number?
False
Is 784487 composite?
True
Is 33379 prime?
False
Is 314567 prime?
False
Is 325237 composite?
True
Is 4861 composite?
False
Is 139643 a composite number?
True
Is 1479014 a composite number?
True
Is 7 prime?
True
Is 171391 a composite number?
True
Is 556343 a prime number?
True
Is 74149 composite?
False
Is 150218 a composite number?
True
Is 377539 composite?
True
Is 172955 prime?
False
Is 1501139 prime?
True
Is 1803149 a composite number?
False
Is 12071 a prime number?
True
Is 1035949 prime?
True
Is 12457 a composite number?
False
Is 3173 prime?
False
Is 2779 a composite number?
True
Is 411657 a composite number?
True
Is 13303 prime?
False
Is 17729 a composite number?
False
Is 345811 a prime number?
True
Is 1933423 a prime number?
True
Is 41267 a prime number?
False
Is 178617 a prime number?
False
Is 1315 a composite number?
True
Is 1051247 composite?
False
Is 46967 prime?
False
Is 51773 a composite number?
True
Is 445 a composite number?
True
Is 91921 prime?
True
Is 174079 a composite number?
False
Is 4327 a composite number?
False
Is 165689 prime?
False
Is 1019357 composite?
False
Is 4673 prime?
True
Is 164477 a prime number?
True
Is 5953 composite?
False
Is 67889 prime?
False
Is 15991 composite?
False
Is 1944907 composite?
True
Is 4987 prime?
True
Is 44069 a composite number?
True
Is 50185 prime?
False
Is 87667 prime?
False
Is 6403 a composite number?
True
Is 220265 a composite number?
True
Is 22205 a prime number?
False
Is 56038 a prime number?
False
Is 133669 prime?
True
Is 38821 composite?
False
Is 22189 prime?
True
Is 38217 prime?
False
Is 39751 a composite number?
True
Is 7907 prime?
True
Is 481309 prime?
False
Is 10524937 prime?
True
Is 1229 composite?
False
Is 8705 prime?
False
Is 2309 prime?
True
Is 18637 prime?
True
Is 25687 composite?
True
Is 214661 prime?
False
Is 225919 a prime number?
True
Is 6733 prime?
True
Is 93371 a prime number?
True
Is 123043 a composite number?
True
Is 25391 composite?
False
Is 444991 a prime number?
False
Is 635 prime?
False
Is 67 composite?
False
Is 45683 a composite number?
True
Is 1704646 composite?
True
Is 73145 composite?
True
Is 36251 prime?
True
Is 6505 a composite number?
True
Is 16311 a composite number?
True
Is 8887 composite?
False
Is 40387 prime?
True
Is 4889 prime?
True
Is 28043 a prime number?
False
Is 76795 a prime number?
False
Is 185051 prime?
True
Is 7103 composite?
False
Is 101527 a prime number?
True
Is 23059 a composite number?
False
Is 299165 a prime number?
False
Is 239665 prime?
False
Is 1128355 prime?
False
Is 8819 composite?
False
Is 10663 prime?
True
Is 91493 prime?
True
Is 74017 prime?
True
Is 35023 composite?
False
Is 3269 a prime number?
False
Is 8563 a composite number?
False
Is 43474 composite?
True
Is 1190309 a prime number?
False
Is 8663 a composite number?
False
Is 100811 a prime number?
True
Is 28687 composite?
False
Is 512657 a composite number?
False
Is 389 composite?
False
Is 125878 prime?
False
Is 244457 a prime number?
True
Is 78401 a composite number?
False
Is 2927 prime?
True
Is 11441 a prime number?
False
Is 15623 composite?
True
Is 397 prime?
True
Is 330259 a prime number?
False
Is 12739 a prime number?
True
Is 428191 a composite number?
True
Is 1558139 composite?
True
Is 20077 a prime number?
False
Is 384077 a composite number?
True
Is 2705 a prime number?
False
Is 11389 a prime number?
False
Is 15445 prime?
False
Is 25385 a prime number?
False
Is 6730129 composite?
True
Is 129477 a composite number?
True
Is 510463 prime?
True
Is 10513 a prime number?
True
Is 809437 a prime number?
True
Is 6467 a composite number?
True
Is 11246 a composite number?
True
Is 31583 a composite number?
False
Is 10291 a composite number?
True
Is 10783 composite?
True
Is 224401 a composite number?
False
Is 2647 prime?
True
Is 11761 a composite number?
True
Is 2707 prime?
True
Is 40343 composite?
False
Is 126421 a composite number?
False
Is 24557 prime?
False
Is 328433 composite?
True
Is 379 a prime number?
True
Is 1171163 composite?
True
Is 10559 a composite number?
False
Is 65903 composite?
True
Is 2193519 composite?
True
Is 2531587 prime?
False
Is 96647 prime?
False
Is 375629 a composite number?
True
Is 3373511 prime?
True
Is 58119 prime?
False
Is 466537 composite?
False
Is 240573 a composite number?
True
Is 163895 composite?
True
Is 344233 prime?
False
Is 15401 prime?
True
Is 977 a composite number?
False
Is 3572315 a prime number?
False
Is 1433111 prime?
False
Is 54037 a prime number?
True
Is 190769 prime?
True
Is 395923 prime?
False
Is 117982 composite?
True
Is 81163 a prime number?
True
Is 19931 composite?
True
Is 36831 prime?
False
Is 46119 composite?
True
Is 47363 a prime number?
True
Is 597853 a composite number?
False
Is 47623 a prime number?
True
Is 2119 composite?
True
Is 46479 composite?
True
Is 119687 composite?
False
Is 58601 a prime number?
True
Is 8705 composite?
True
Is 321707 composite?
False
Is 31721 composite?
False
Is 7979 prime?
False
Is 5627 composite?
True
Is 69047 prime?
False
Is 389629 a composite number?
False
Is 62787 composite?
True
Is 316904